{"version":"1.0","provider_name":"CFP Maresme","provider_url":"https:\/\/cfpmaresme.org\/es\/","title":"AlterArte presenta la muestra de autoretratos \u201cJo mateix\u201d | CFP Maresme","type":"rich","width":600,"height":338,"html":"<blockquote class=\"wp-embedded-content\" data-secret=\"zV1s457xGl\"><a href=\"https:\/\/cfpmaresme.org\/es\/alterarte-presenta-la-mostra-dautoretrats-jo-mateix\/\">AlterArte presenta la muestra de autoretratos \u201cJo mateix\u201d<\/a><\/blockquote><iframe sandbox=\"allow-scripts\" security=\"restricted\" src=\"https:\/\/cfpmaresme.org\/es\/alterarte-presenta-la-mostra-dautoretrats-jo-mateix\/embed\/#?secret=zV1s457xGl\" width=\"600\" height=\"338\" title=\"\u00abAlterArte presenta la muestra de autoretratos \u201cJo mateix\u201d\u00bb \u2014 CFP Maresme\" data-secret=\"zV1s457xGl\" frameborder=\"0\" marginwidth=\"0\" marginheight=\"0\" scrolling=\"no\" class=\"wp-embedded-content\"><\/iframe><script type=\"text\/javascript\">\n\/* <![CDATA[ *\/\n\/*! This file is auto-generated *\/\n!function(d,l){\"use strict\";l.querySelector&&d.addEventListener&&\"undefined\"!=typeof URL&&(d.wp=d.wp||{},d.wp.receiveEmbedMessage||(d.wp.receiveEmbedMessage=function(e){var t=e.data;if((t||t.secret||t.message||t.value)&&!\/[^a-zA-Z0-9]\/.test(t.secret)){for(var s,r,n,a=l.querySelectorAll('iframe[data-secret=\"'+t.secret+'\"]'),o=l.querySelectorAll('blockquote[data-secret=\"'+t.secret+'\"]'),c=new RegExp(\"^https?:$\",\"i\"),i=0;i<o.length;i++)o[i].style.display=\"none\";for(i=0;i<a.length;i++)s=a[i],e.source===s.contentWindow&&(s.removeAttribute(\"style\"),\"height\"===t.message?(1e3<(r=parseInt(t.value,10))?r=1e3:~~r<200&&(r=200),s.height=r):\"link\"===t.message&&(r=new URL(s.getAttribute(\"src\")),n=new URL(t.value),c.test(n.protocol))&&n.host===r.host&&l.activeElement===s&&(d.top.location.href=t.value))}},d.addEventListener(\"message\",d.wp.receiveEmbedMessage,!1),l.addEventListener(\"DOMContentLoaded\",function(){for(var e,t,s=l.querySelectorAll(\"iframe.wp-embedded-content\"),r=0;r<s.length;r++)(t=(e=s[r]).getAttribute(\"data-secret\"))||(t=Math.random().toString(36).substring(2,12),e.src+=\"#?secret=\"+t,e.setAttribute(\"data-secret\",t)),e.contentWindow.postMessage({message:\"ready\",secret:t},\"*\")},!1)))}(window,document);\n\/\/# sourceURL=https:\/\/cfpmaresme.org\/wp-includes\/js\/wp-embed.min.js\n\/* ]]> *\/\n<\/script>\n","description":"El proyecto inspirado en la figura de Maria Lassnig se ha expuesto en el Centro C\u00edvico Urgell con la participaci\u00f3n de usuarios de diversos Servicios de Rehabilitaci\u00f3n Comunitaria\u00a0 El pasado jueves 14 de mayo se inaugur\u00f3 en el Centro C\u00edvico Urgell del Ensanche de Barcelona...","thumbnail_url":"https:\/\/centreformacioprevencio.files.wordpress.com\/2015\/05\/dsc_0995-2.jpg?w=660"}

El proyecto inspirado en la figura de Maria Lassnig se ha expuesto en el Centro Cívico Urgell con la participación de usuarios de diversos Servicios de Rehabilitación Comunitaria  El pasado jueves 14 de mayo se inauguró en el Centro Cívico Urgell del Ensanche de Barcelona...
