{"id":16517,"date":"2018-07-18T17:07:11","date_gmt":"2018-07-18T15:07:11","guid":{"rendered":"http:\/\/cfpmaresme.org\/programa-suport-autonomia-llar\/"},"modified":"2021-10-25T12:17:41","modified_gmt":"2021-10-25T10:17:41","slug":"programa-apoyo-autonomia-hogar","status":"publish","type":"page","link":"https:\/\/cfpmaresme.org\/es\/programa-apoyo-autonomia-hogar\/","title":{"rendered":"Programa de apoyo a la autonom\u00eda en el propio hogar"},"content":{"rendered":"<div class=\"wpb-content-wrapper\"><p>[vc_row css_animation=\u00bb\u00bb row_type=\u00bbrow\u00bb use_row_as_full_screen_section=\u00bbno\u00bb type=\u00bbfull_width\u00bb angled_section=\u00bbno\u00bb text_align=\u00bbleft\u00bb background_image_as_pattern=\u00bbwithout_pattern\u00bb][vc_column]<blockquote class=' with_quote_icon' style=''><i class='fa fa-quote-right' style=''><\/i><h5 class='blockquote-text' style=''>El programa de apoyo a la autonom\u00eda en el propio hogar ayuda a las personas con problemas de salud mental a gestionar mejor su vida diaria en su casa<\/h5><\/blockquote>[vc_empty_space height=\u00bb30px\u00bb][vc_row_inner row_type=\u00bbrow\u00bb type=\u00bbfull_width\u00bb text_align=\u00bbleft\u00bb css_animation=\u00bb\u00bb][vc_column_inner width=\u00bb1\/2&#8243;][vc_column_text]El <strong>programa de apoyo a la autonom\u00eda en el propio hogar<\/strong> contribuye al desarrollo de la autonom\u00eda de la persona en las actividades de la vida diaria, tanto en el marco de su hogar, como en su entorno comunitario. Potencia el proceso de rehabilitaci\u00f3n y facilita la inserci\u00f3n del usuario o usuaria a la comunidad.[\/vc_column_text][\/vc_column_inner][vc_column_inner width=\u00bb1\/2&#8243;][vc_single_image image=\u00bb15802&#8243; img_size=\u00bb420&#215;160&#8243; style=\u00bbvc_box_shadow_3d\u00bb qode_css_animation=\u00bb\u00bb][\/vc_column_inner][\/vc_row_inner][\/vc_column][\/vc_row][vc_row css_animation=\u00bb\u00bb row_type=\u00bbrow\u00bb use_row_as_full_screen_section=\u00bbno\u00bb type=\u00bbfull_width\u00bb angled_section=\u00bbno\u00bb text_align=\u00bbleft\u00bb background_image_as_pattern=\u00bbwithout_pattern\u00bb][vc_column][vc_empty_space height=\u00bb20px\u00bb][vc_separator type=\u00bbnormal\u00bb][vc_empty_space height=\u00bb20px\u00bb][vc_column_text]<\/p>\n<h2>Como\u00a0acceder al servicio<\/h2>\n<p>[\/vc_column_text][vc_column_text]<strong>Dirigido a personas con enfermedad mental que requieren de un determinado apoyo para poder ser aut\u00f3nomas, posibilitando la continuidad de vivir de forma aut\u00f3noma en su hogar en condiciones \u00f3ptimas, favoreciendo a la vez mantener su entorno social.<\/strong><\/p>\n<p>&nbsp;<\/p>\n<p>Las solicitudes de ingreso se realizan a trav\u00e9s del Departament de Drets Socials de la Generalitat de Catalunya.[\/vc_column_text][\/vc_column][\/vc_row][vc_row css_animation=\u00bb\u00bb row_type=\u00bbrow\u00bb use_row_as_full_screen_section=\u00bbno\u00bb type=\u00bbfull_width\u00bb angled_section=\u00bbno\u00bb text_align=\u00bbleft\u00bb background_image_as_pattern=\u00bbwithout_pattern\u00bb][vc_column][vc_empty_space height=\u00bb20px\u00bb][vc_separator type=\u00bbnormal\u00bb][vc_empty_space height=\u00bb20px\u00bb][vc_column_text]<\/p>\n<h2>CONTACTO<\/h2>\n<p>[\/vc_column_text][vc_row_inner row_type=\u00bbrow\u00bb type=\u00bbfull_width\u00bb text_align=\u00bbleft\u00bb css_animation=\u00bb\u00bb][vc_column_inner width=\u00bb1\/2&#8243;][vc_empty_space height=\u00bb20px\u00bb][vc_column_text]<\/p>\n<h5><i class=\"fa fa-map-marker\" style=\"padding-right: 10px;\" aria-hidden=\"true\"><\/i><span style=\"font-weight: 400;\">C\/ Sant Antoni 86, 1\u00aa planta, porta 7<\/span><\/h5>\n<h5><span style=\"font-weight: 400;\">08301, Matar\u00f3.<\/span><\/h5>\n<p>&nbsp;<\/p>\n<h5><i class=\"fa fa-phone\" style=\"padding-right: 10px;\" aria-hidden=\"true\"><\/i><span style=\"font-weight: 400;\">Telf. 93 755 36 04 \/ 93 755 36 06<\/span><\/h5>\n<p>&nbsp;<\/p>\n<h5><i class=\"fa fa-user\" style=\"padding-right: 10px;\" aria-hidden=\"true\"><\/i><span style=\"font-weight: 400;\"> Responsable: Bego\u00f1a Gallardo<\/span><\/h5>\n<p>[\/vc_column_text][\/vc_column_inner][vc_column_inner width=\u00bb1\/2&#8243;][vc_column_text]\u00bfNo encuentras lo que buscas o necesitas m\u00e1s informaci\u00f3n?[\/vc_column_text][vc_empty_space height=\u00bb20px\u00bb]\n\n\t<a href=\"#\" target=\"_self\" style=\"color: #ffffff;background-color: #114c86;font-size: 16px;text-transform: uppercase\" class=\"qode-btn qode-btn-medium qode-btn-solid qode-btn-custom-hover-bg qode-btn-custom-icon-bg-hover-color qode-btn-icon modal-gallardo qode-btn-with-shadow qode-btn-icon-rotate qode-type1-gradient-left-to-right\" data-hover-bg-color=\"#1175a0\" >\n\t    <span class=\"qode-btn-text\">\u00a1Contacta con nosotros!<\/span><span class=\"qode-button-v2-icon-holder\" style=\"border-color: #0070a0;background-color: #064b6d\" data-hover-icon-border-color=\"#008cb7\" data-hover-icon-bg-color=\"#008cb7\"><i class=\"qode_icon_font_awesome fa fa-envelope qode-button-v2-icon-holder-inner\" ><\/i><\/span>\t<\/a>\n\n[vc_empty_space height=\u00bb20px\u00bb][\/vc_column_inner][\/vc_row_inner][vc_empty_space height=\u00bb20px\u00bb][vc_separator type=\u00bbnormal\u00bb][vc_empty_space height=\u00bb20px\u00bb][vc_column_text]<strong>Hogares concertadas con el Departament de Drets Socials de la Generalitat de Catalunya.<\/strong>[\/vc_column_text][vc_empty_space height=\u00bb64px\u00bb][\/vc_column][\/vc_row]<\/p>\n<\/div>","protected":false},"excerpt":{"rendered":"<p>[vc_row css_animation=\u00bb\u00bb row_type=\u00bbrow\u00bb use_row_as_full_screen_section=\u00bbno\u00bb type=\u00bbfull_width\u00bb angled_section=\u00bbno\u00bb text_align=\u00bbleft\u00bb background_image_as_pattern=\u00bbwithout_pattern\u00bb][vc_column][vc_empty_space height=\u00bb30px\u00bb][vc_row_inner row_type=\u00bbrow\u00bb type=\u00bbfull_width\u00bb text_align=\u00bbleft\u00bb css_animation=\u00bb\u00bb][vc_column_inner width=\u00bb1\/2&#8243;][vc_column_text]El programa de apoyo a la autonom\u00eda en el propio hogar contribuye al desarrollo de la autonom\u00eda de la persona en las actividades de la vida diaria, tanto en el marco de&#8230;<\/p>\n","protected":false},"author":1,"featured_media":0,"parent":0,"menu_order":0,"comment_status":"closed","ping_status":"closed","template":"","meta":{"footnotes":""},"class_list":["post-16517","page","type-page","status-publish","hentry"],"yoast_head":"<!-- This site is optimized with the Yoast SEO plugin v27.4 - https:\/\/yoast.com\/product\/yoast-seo-wordpress\/ -->\n<title>Programa de apoyo a la autonom\u00eda en el propio hogar | CFP Maresme<\/title>\n<meta name=\"robots\" content=\"index, follow, max-snippet:-1, max-image-preview:large, max-video-preview:-1\" \/>\n<link rel=\"canonical\" href=\"https:\/\/cfpmaresme.org\/es\/programa-apoyo-autonomia-hogar\/\" \/>\n<meta property=\"og:locale\" content=\"es_ES\" \/>\n<meta property=\"og:type\" content=\"article\" \/>\n<meta property=\"og:title\" content=\"Programa de apoyo a la autonom\u00eda en el propio hogar | CFP Maresme\" \/>\n<meta property=\"og:description\" content=\"[vc_row css_animation=\u00bb\u00bb row_type=\u00bbrow\u00bb use_row_as_full_screen_section=\u00bbno\u00bb type=\u00bbfull_width\u00bb angled_section=\u00bbno\u00bb text_align=\u00bbleft\u00bb background_image_as_pattern=\u00bbwithout_pattern\u00bb][vc_column][vc_empty_space height=\u00bb30px\u00bb][vc_row_inner row_type=\u00bbrow\u00bb type=\u00bbfull_width\u00bb text_align=\u00bbleft\u00bb css_animation=\u00bb\u00bb][vc_column_inner width=\u00bb1\/2&#8243;][vc_column_text]El programa de apoyo a la autonom\u00eda en el propio hogar contribuye al desarrollo de la autonom\u00eda de la persona en las actividades de la vida diaria, tanto en el marco de...\" \/>\n<meta property=\"og:url\" content=\"https:\/\/cfpmaresme.org\/es\/programa-apoyo-autonomia-hogar\/\" \/>\n<meta property=\"og:site_name\" content=\"CFP Maresme\" \/>\n<meta property=\"article:modified_time\" content=\"2021-10-25T10:17:41+00:00\" \/>\n<meta name=\"twitter:card\" content=\"summary_large_image\" \/>\n<meta name=\"twitter:site\" content=\"@cfpmaresme\" \/>\n<meta name=\"twitter:label1\" content=\"Tiempo de lectura\" \/>\n\t<meta name=\"twitter:data1\" content=\"3 minutos\" \/>\n<script type=\"application\/ld+json\" class=\"yoast-schema-graph\">{\"@context\":\"https:\\\/\\\/schema.org\",\"@graph\":[{\"@type\":\"WebPage\",\"@id\":\"https:\\\/\\\/cfpmaresme.org\\\/es\\\/programa-apoyo-autonomia-hogar\\\/\",\"url\":\"https:\\\/\\\/cfpmaresme.org\\\/es\\\/programa-apoyo-autonomia-hogar\\\/\",\"name\":\"Programa de apoyo a la autonom\u00eda en el propio hogar | CFP Maresme\",\"isPartOf\":{\"@id\":\"https:\\\/\\\/cfpmaresme.org\\\/#website\"},\"datePublished\":\"2018-07-18T15:07:11+00:00\",\"dateModified\":\"2021-10-25T10:17:41+00:00\",\"breadcrumb\":{\"@id\":\"https:\\\/\\\/cfpmaresme.org\\\/es\\\/programa-apoyo-autonomia-hogar\\\/#breadcrumb\"},\"inLanguage\":\"es\",\"potentialAction\":[{\"@type\":\"ReadAction\",\"target\":[\"https:\\\/\\\/cfpmaresme.org\\\/es\\\/programa-apoyo-autonomia-hogar\\\/\"]}]},{\"@type\":\"BreadcrumbList\",\"@id\":\"https:\\\/\\\/cfpmaresme.org\\\/es\\\/programa-apoyo-autonomia-hogar\\\/#breadcrumb\",\"itemListElement\":[{\"@type\":\"ListItem\",\"position\":1,\"name\":\"Home\",\"item\":\"https:\\\/\\\/cfpmaresme.org\\\/es\\\/\"},{\"@type\":\"ListItem\",\"position\":2,\"name\":\"Programa de apoyo a la autonom\u00eda en el propio hogar\"}]},{\"@type\":\"WebSite\",\"@id\":\"https:\\\/\\\/cfpmaresme.org\\\/#website\",\"url\":\"https:\\\/\\\/cfpmaresme.org\\\/\",\"name\":\"CFP Maresme\",\"description\":\"Centre Formaci\u00f3 Prevenci\u00f3\",\"potentialAction\":[{\"@type\":\"SearchAction\",\"target\":{\"@type\":\"EntryPoint\",\"urlTemplate\":\"https:\\\/\\\/cfpmaresme.org\\\/?s={search_term_string}\"},\"query-input\":{\"@type\":\"PropertyValueSpecification\",\"valueRequired\":true,\"valueName\":\"search_term_string\"}}],\"inLanguage\":\"es\"}]}<\/script>\n<!-- \/ Yoast SEO plugin. -->","yoast_head_json":{"title":"Programa de apoyo a la autonom\u00eda en el propio hogar | CFP Maresme","robots":{"index":"index","follow":"follow","max-snippet":"max-snippet:-1","max-image-preview":"max-image-preview:large","max-video-preview":"max-video-preview:-1"},"canonical":"https:\/\/cfpmaresme.org\/es\/programa-apoyo-autonomia-hogar\/","og_locale":"es_ES","og_type":"article","og_title":"Programa de apoyo a la autonom\u00eda en el propio hogar | CFP Maresme","og_description":"[vc_row css_animation=\u00bb\u00bb row_type=\u00bbrow\u00bb use_row_as_full_screen_section=\u00bbno\u00bb type=\u00bbfull_width\u00bb angled_section=\u00bbno\u00bb text_align=\u00bbleft\u00bb background_image_as_pattern=\u00bbwithout_pattern\u00bb][vc_column][vc_empty_space height=\u00bb30px\u00bb][vc_row_inner row_type=\u00bbrow\u00bb type=\u00bbfull_width\u00bb text_align=\u00bbleft\u00bb css_animation=\u00bb\u00bb][vc_column_inner width=\u00bb1\/2&#8243;][vc_column_text]El programa de apoyo a la autonom\u00eda en el propio hogar contribuye al desarrollo de la autonom\u00eda de la persona en las actividades de la vida diaria, tanto en el marco de...","og_url":"https:\/\/cfpmaresme.org\/es\/programa-apoyo-autonomia-hogar\/","og_site_name":"CFP Maresme","article_modified_time":"2021-10-25T10:17:41+00:00","twitter_card":"summary_large_image","twitter_site":"@cfpmaresme","twitter_misc":{"Tiempo de lectura":"3 minutos"},"schema":{"@context":"https:\/\/schema.org","@graph":[{"@type":"WebPage","@id":"https:\/\/cfpmaresme.org\/es\/programa-apoyo-autonomia-hogar\/","url":"https:\/\/cfpmaresme.org\/es\/programa-apoyo-autonomia-hogar\/","name":"Programa de apoyo a la autonom\u00eda en el propio hogar | CFP Maresme","isPartOf":{"@id":"https:\/\/cfpmaresme.org\/#website"},"datePublished":"2018-07-18T15:07:11+00:00","dateModified":"2021-10-25T10:17:41+00:00","breadcrumb":{"@id":"https:\/\/cfpmaresme.org\/es\/programa-apoyo-autonomia-hogar\/#breadcrumb"},"inLanguage":"es","potentialAction":[{"@type":"ReadAction","target":["https:\/\/cfpmaresme.org\/es\/programa-apoyo-autonomia-hogar\/"]}]},{"@type":"BreadcrumbList","@id":"https:\/\/cfpmaresme.org\/es\/programa-apoyo-autonomia-hogar\/#breadcrumb","itemListElement":[{"@type":"ListItem","position":1,"name":"Home","item":"https:\/\/cfpmaresme.org\/es\/"},{"@type":"ListItem","position":2,"name":"Programa de apoyo a la autonom\u00eda en el propio hogar"}]},{"@type":"WebSite","@id":"https:\/\/cfpmaresme.org\/#website","url":"https:\/\/cfpmaresme.org\/","name":"CFP Maresme","description":"Centre Formaci\u00f3 Prevenci\u00f3","potentialAction":[{"@type":"SearchAction","target":{"@type":"EntryPoint","urlTemplate":"https:\/\/cfpmaresme.org\/?s={search_term_string}"},"query-input":{"@type":"PropertyValueSpecification","valueRequired":true,"valueName":"search_term_string"}}],"inLanguage":"es"}]}},"_links":{"self":[{"href":"https:\/\/cfpmaresme.org\/es\/wp-json\/wp\/v2\/pages\/16517","targetHints":{"allow":["GET"]}}],"collection":[{"href":"https:\/\/cfpmaresme.org\/es\/wp-json\/wp\/v2\/pages"}],"about":[{"href":"https:\/\/cfpmaresme.org\/es\/wp-json\/wp\/v2\/types\/page"}],"author":[{"embeddable":true,"href":"https:\/\/cfpmaresme.org\/es\/wp-json\/wp\/v2\/users\/1"}],"replies":[{"embeddable":true,"href":"https:\/\/cfpmaresme.org\/es\/wp-json\/wp\/v2\/comments?post=16517"}],"version-history":[{"count":4,"href":"https:\/\/cfpmaresme.org\/es\/wp-json\/wp\/v2\/pages\/16517\/revisions"}],"predecessor-version":[{"id":26956,"href":"https:\/\/cfpmaresme.org\/es\/wp-json\/wp\/v2\/pages\/16517\/revisions\/26956"}],"wp:attachment":[{"href":"https:\/\/cfpmaresme.org\/es\/wp-json\/wp\/v2\/media?parent=16517"}],"curies":[{"name":"wp","href":"https:\/\/api.w.org\/{rel}","templated":true}]}}

Programa de apoyo a la autonomía en el propio hogar

<div class="wpb-content-wrapper"><p>[vc_row css_animation=»» row_type=»row» use_row_as_full_screen_section=»no» type=»full_width» angled_section=»no» text_align=»left» background_image_as_pattern=»without_pattern»][vc_column]<blockquote class=' with_quote_icon' style=''><i class='fa fa-quote-right' style=''></i><h5 class='blockquote-text' style=''>El programa de apoyo a la autonomía en el propio hogar ayuda a las personas con problemas de salud mental a gestionar mejor su vida diaria en su casa</h5></blockquote>[vc_empty_space height=»30px»][vc_row_inner row_type=»row» type=»full_width» text_align=»left» css_animation=»»][vc_column_inner width=»1/2&#8243;][vc_column_text]El <strong>programa de apoyo a la autonomía en el propio hogar</strong> contribuye al desarrollo de la autonomía de la persona en las actividades de la vida diaria, tanto en el marco de su hogar, como en su entorno comunitario. Potencia el proceso de rehabilitación y facilita la inserción del usuario o usuaria a la comunidad.[/vc_column_text][/vc_column_inner][vc_column_inner width=»1/2&#8243;][vc_single_image image=»15802&#8243; img_size=»420&#215;160&#8243; style=»vc_box_shadow_3d» qode_css_animation=»»][/vc_column_inner][/vc_row_inner][/vc_column][/vc_row][vc_row css_animation=»» row_type=»row» use_row_as_full_screen_section=»no» type=»full_width» angled_section=»no» text_align=»left» background_image_as_pattern=»without_pattern»][vc_column][vc_empty_space height=»20px»][vc_separator type=»normal»][vc_empty_space height=»20px»][vc_column_text]</p>
<h2>Como acceder al servicio</h2>
<p>[/vc_column_text][vc_column_text]<strong>Dirigido a personas con enfermedad mental que requieren de un determinado apoyo para poder ser autónomas, posibilitando la continuidad de vivir de forma autónoma en su hogar en condiciones óptimas, favoreciendo a la vez mantener su entorno social.</strong></p>
<p>&nbsp;</p>
<p>Las solicitudes de ingreso se realizan a través del Departament de Drets Socials de la Generalitat de Catalunya.[/vc_column_text][/vc_column][/vc_row][vc_row css_animation=»» row_type=»row» use_row_as_full_screen_section=»no» type=»full_width» angled_section=»no» text_align=»left» background_image_as_pattern=»without_pattern»][vc_column][vc_empty_space height=»20px»][vc_separator type=»normal»][vc_empty_space height=»20px»][vc_column_text]</p>
<h2>CONTACTO</h2>
<p>[/vc_column_text][vc_row_inner row_type=»row» type=»full_width» text_align=»left» css_animation=»»][vc_column_inner width=»1/2&#8243;][vc_empty_space height=»20px»][vc_column_text]</p>
<h5><i class="fa fa-map-marker" style="padding-right: 10px;" aria-hidden="true"></i><span style="font-weight: 400;">C/ Sant Antoni 86, 1ª planta, porta 7</span></h5>
<h5><span style="font-weight: 400;">08301, Mataró.</span></h5>
<p>&nbsp;</p>
<h5><i class="fa fa-phone" style="padding-right: 10px;" aria-hidden="true"></i><span style="font-weight: 400;">Telf. 93 755 36 04 / 93 755 36 06</span></h5>
<p>&nbsp;</p>
<h5><i class="fa fa-user" style="padding-right: 10px;" aria-hidden="true"></i><span style="font-weight: 400;"> Responsable: Begoña Gallardo</span></h5>
<p>[/vc_column_text][/vc_column_inner][vc_column_inner width=»1/2&#8243;][vc_column_text]¿No encuentras lo que buscas o necesitas más información?[/vc_column_text][vc_empty_space height=»20px»]

	<a href="#" target="_self" style="color: #ffffff;background-color: #114c86;font-size: 16px;text-transform: uppercase" class="qode-btn qode-btn-medium qode-btn-solid qode-btn-custom-hover-bg qode-btn-custom-icon-bg-hover-color qode-btn-icon modal-gallardo qode-btn-with-shadow qode-btn-icon-rotate qode-type1-gradient-left-to-right" data-hover-bg-color="#1175a0" >
	    <span class="qode-btn-text">¡Contacta con nosotros!</span><span class="qode-button-v2-icon-holder" style="border-color: #0070a0;background-color: #064b6d" data-hover-icon-border-color="#008cb7" data-hover-icon-bg-color="#008cb7"><i class="qode_icon_font_awesome fa fa-envelope qode-button-v2-icon-holder-inner" ></i></span>	</a>

[vc_empty_space height=»20px»][/vc_column_inner][/vc_row_inner][vc_empty_space height=»20px»][vc_separator type=»normal»][vc_empty_space height=»20px»][vc_column_text]<strong>Hogares concertadas con el Departament de Drets Socials de la Generalitat de Catalunya.</strong>[/vc_column_text][vc_empty_space height=»64px»][/vc_column][/vc_row]</p>
</div>

<p>[vc_row css_animation=»» row_type=»row» use_row_as_full_screen_section=»no» type=»full_width» angled_section=»no» text_align=»left» background_image_as_pattern=»without_pattern»][vc_column][vc_empty_space height=»30px»][vc_row_inner row_type=»row» type=»full_width» text_align=»left» css_animation=»»][vc_column_inner width=»1/2&#8243;][vc_column_text]El programa de apoyo a la autonomía en el propio hogar contribuye al desarrollo de la autonomía de la persona en las actividades de la vida diaria, tanto en el marco de&#8230;</p>

<!-- This site is optimized with the Yoast SEO plugin v27.4 - https://yoast.com/product/yoast-seo-wordpress/ -->
<title>Programa de apoyo a la autonomía en el propio hogar | CFP Maresme</title>
<meta name="robots" content="index, follow, max-snippet:-1, max-image-preview:large, max-video-preview:-1" />
<link rel="canonical" href="https://cfpmaresme.org/es/programa-apoyo-autonomia-hogar/" />
<meta property="og:locale" content="es_ES" />
<meta property="og:type" content="article" />
<meta property="og:title" content="Programa de apoyo a la autonomía en el propio hogar | CFP Maresme" />
<meta property="og:description" content="[vc_row css_animation=»» row_type=»row» use_row_as_full_screen_section=»no» type=»full_width» angled_section=»no» text_align=»left» background_image_as_pattern=»without_pattern»][vc_column][vc_empty_space height=»30px»][vc_row_inner row_type=»row» type=»full_width» text_align=»left» css_animation=»»][vc_column_inner width=»1/2&#8243;][vc_column_text]El programa de apoyo a la autonomía en el propio hogar contribuye al desarrollo de la autonomía de la persona en las actividades de la vida diaria, tanto en el marco de..." />
<meta property="og:url" content="https://cfpmaresme.org/es/programa-apoyo-autonomia-hogar/" />
<meta property="og:site_name" content="CFP Maresme" />
<meta property="article:modified_time" content="2021-10-25T10:17:41+00:00" />
<meta name="twitter:card" content="summary_large_image" />
<meta name="twitter:site" content="@cfpmaresme" />
<meta name="twitter:label1" content="Tiempo de lectura" />
	<meta name="twitter:data1" content="3 minutos" />
<script type="application/ld+json" class="yoast-schema-graph">{"@context":"https:\/\/schema.org","@graph":[{"@type":"WebPage","@id":"https:\/\/cfpmaresme.org\/es\/programa-apoyo-autonomia-hogar\/","url":"https:\/\/cfpmaresme.org\/es\/programa-apoyo-autonomia-hogar\/","name":"Programa de apoyo a la autonomía en el propio hogar | CFP Maresme","isPartOf":{"@id":"https:\/\/cfpmaresme.org\/#website"},"datePublished":"2018-07-18T15:07:11+00:00","dateModified":"2021-10-25T10:17:41+00:00","breadcrumb":{"@id":"https:\/\/cfpmaresme.org\/es\/programa-apoyo-autonomia-hogar\/#breadcrumb"},"inLanguage":"es","potentialAction":[{"@type":"ReadAction","target":["https:\/\/cfpmaresme.org\/es\/programa-apoyo-autonomia-hogar\/"]}]},{"@type":"BreadcrumbList","@id":"https:\/\/cfpmaresme.org\/es\/programa-apoyo-autonomia-hogar\/#breadcrumb","itemListElement":[{"@type":"ListItem","position":1,"name":"Home","item":"https:\/\/cfpmaresme.org\/es\/"},{"@type":"ListItem","position":2,"name":"Programa de apoyo a la autonomía en el propio hogar"}]},{"@type":"WebSite","@id":"https:\/\/cfpmaresme.org\/#website","url":"https:\/\/cfpmaresme.org\/","name":"CFP Maresme","description":"Centre Formació Prevenció","potentialAction":[{"@type":"SearchAction","target":{"@type":"EntryPoint","urlTemplate":"https:\/\/cfpmaresme.org\/?s={search_term_string}"},"query-input":{"@type":"PropertyValueSpecification","valueRequired":true,"valueName":"search_term_string"}}],"inLanguage":"es"}]}</script>
<!-- / Yoast SEO plugin. -->

Programa de apoyo a la autonomía en el propio hogar | CFP Maresme

[vc_row css_animation=»» row_type=»row» use_row_as_full_screen_section=»no» type=»full_width» angled_section=»no» text_align=»left» background_image_as_pattern=»without_pattern»][vc_column][vc_empty_space height=»30px»][vc_row_inner row_type=»row» type=»full_width» text_align=»left» css_animation=»»][vc_column_inner width=»1/2&#8243;][vc_column_text]El programa de apoyo a la autonomía en el propio hogar contribuye al desarrollo de la autonomía de la persona en las actividades de la vida diaria, tanto en el marco de...

Centre Formació Prevenció
